MONTHLY CLIMATOLOGICAL SUMMARY for MAR. 2019 NAME: Estensemeteo CITY: Ferrara STATE: Italy ELEV: 11 LAT: 044:48:49 LONG: -011:41:15 TEMPERATURE ( °C), RAIN (mm), WIND SPEED (kmh) HEAT COOL AVG MEAN DEG DEG WIND DOM DAY TEMP HIGH TIME LOW TIME DAYS DAYS RAIN SPEED HIGH TIME DIR -------------------------------------------------------------------------------------------------------- 01 08.2 13.7 15:52 03.3 04:38 10.1 00.0 00.0 02.7 18.5 13:38 NNE 02 09.7 18.6 15:59 02.9 05:17 08.6 00.0 00.0 03.8 18.5 17:20 SSW 03 09.2 19.3 15:54 00.5 06:09 09.1 00.0 00.0 02.7 22.2 17:30 SSE 04 09.3 16.8 15:12 01.6 05:50 09.0 00.0 00.0 04.8 24.1 15:42 E 05 10.8 17.6 16:48 06.6 03:11 07.5 00.0 00.0 03.9 16.6 15:45 WNW 06 09.9 16.6 15:36 02.2 05:01 08.4 00.0 00.0 04.4 24.1 17:33 ENE 07 14.0 20.8 16:02 08.7 02:51 04.3 00.0 00.0 09.2 44.4 14:40 SSE 08 14.4 20.1 15:50 09.8 08:13 03.9 00.0 00.0 04.1 20.4 14:03 SW 09 12.8 19.3 15:43 07.2 07:17 05.5 00.0 00.0 05.0 20.4 12:19 WSW 10 12.1 19.1 14:46 07.0 07:37 06.2 00.0 00.0 02.4 16.6 14:05 WSW 11 10.9 19.0 13:31 06.5 00:00 07.4 00.0 01.3 07.1 46.3 15:48 NNW 12 08.8 15.9 15:02 02.3 06:39 09.5 00.0 00.0 08.0 27.8 07:17 W 13 06.6 10.3 12:04 03.5 03:26 11.7 00.0 03.0 03.1 20.4 13:52 NW 14 07.4 14.8 15:20 -00.8 07:05 10.9 00.0 00.3 04.2 22.2 14:16 W 15 10.2 20.1 16:29 01.8 06:53 08.1 00.0 00.0 04.0 24.1 17:21 N 16 11.5 21.6 16:51 05.4 07:15 06.8 00.0 00.0 03.9 22.2 17:43 NE 17 12.1 19.1 15:28 06.8 03:25 06.2 00.0 00.0 04.5 20.4 20:58 SE 18 09.3 11.4 06:57 06.8 00:00 09.0 00.0 00.3 10.6 48.1 15:20 NE 19 08.1 11.6 13:43 04.7 22:59 10.2 00.0 00.0 10.7 48.1 13:00 NE 20 08.4 12.8 14:49 03.6 06:57 09.9 00.0 00.0 09.6 44.4 09:32 ENE 21 09.0 15.2 16:23 02.5 06:18 09.3 00.0 00.0 05.0 24.1 15:47 NNE 22 11.9 19.4 15:28 03.6 06:07 06.4 00.0 00.0 03.6 18.5 11:57 NW 23 14.1 22.6 15:22 05.6 06:00 04.2 00.0 00.0 04.9 20.4 14:14 NW 24 15.7 24.3 16:05 07.3 06:58 02.6 00.0 00.0 03.3 16.6 12:37 W 25 15.2 22.9 16:43 07.4 00:00 03.1 00.0 00.0 06.8 66.6 23:49 NNE 26 09.5 13.8 17:10 05.8 02:00 08.8 00.0 14.5 11.9 77.7 01:17 ENE 27 09.1 15.1 14:05 03.3 06:53 09.2 00.0 00.0 06.4 33.3 11:13 ENE 28 09.8 15.4 14:59 03.7 06:22 08.5 00.0 00.0 07.4 37.0 13:25 NE 29 11.5 17.5 14:21 04.7 07:20 06.8 00.0 00.0 05.8 29.6 15:11 NE 30 12.7 20.8 15:22 05.0 06:43 05.6 00.0 00.0 03.8 16.6 19:40 WSW 31 14.3 22.1 17:25 05.9 07:47 04.0 00.0 00.0 03.1 14.8 14:57 WSW -------------------------------------------------------------------------------------------------------- 10.8 (11.2) 24.3 day 24 -00.8 day 14 231.1 000.0 019.3 05.5 77.7 day 25 NE Min <= 0: 1 Max Rain: 14.5 ON 26-03-19 Days of Rain: 5 (> .2mm) 2 (> 2mm) 0 (> 20mm)