MONTHLY CLIMATOLOGICAL SUMMARY for MAR. 2017 NAME: Estensemeteo CITY: Ferrara STATE: Italy ELEV: 11 LAT: 044:48:49 LONG: -011:41:15 TEMPERATURE ( °C), RAIN (mm), WIND SPEED (kmh) HEAT COOL AVG MEAN DEG DEG WIND DOM DAY TEMP HIGH TIME LOW TIME DAYS DAYS RAIN SPEED HIGH TIME DIR -------------------------------------------------------------------------------------------------------- 01 10.6 17.1 16:40 04.8 23:50 07.7 00.0 00.8 10.4 48.1 02:18 WNW 02 09.4 16.3 14:07 03.5 04:33 08.9 00.0 00.0 02.6 12.9 15:14 NNE 03 09.9 15.9 15:33 05.7 04:25 08.4 00.0 00.0 04.1 18.5 16:50 E 04 10.5 14.3 17:00 07.9 23:58 07.8 00.0 00.0 06.8 38.9 15:06 SE 05 11.0 16.1 15:32 07.3 04:07 07.3 00.0 00.0 06.6 29.6 07:45 SSW 06 10.0 15.2 13:09 06.4 07:59 08.3 00.0 01.3 04.8 20.4 21:25 ESE 07 10.9 17.0 15:17 06.1 08:39 07.4 00.0 00.0 06.0 44.4 20:19 NNW 08 10.8 16.4 15:55 04.2 07:43 07.5 00.0 00.0 02.7 18.5 12:37 NNW 09 11.5 18.2 15:53 05.1 07:13 06.8 00.0 00.0 03.4 18.5 11:38 WNW 10 12.7 20.7 16:03 05.3 04:36 05.6 00.0 00.0 05.5 25.9 13:51 E 11 10.0 15.6 14:46 04.2 07:30 08.3 00.0 00.0 03.9 22.2 11:50 SSE 12 09.0 15.0 14:37 03.3 06:47 09.3 00.0 00.0 06.6 25.9 16:46 SE 13 09.1 15.3 15:03 03.2 06:40 09.2 00.0 00.0 03.1 18.5 12:27 ESE 14 11.6 18.5 15:54 04.7 04:53 06.7 00.0 00.0 03.3 18.5 13:25 SW 15 11.4 18.3 14:19 05.6 03:41 06.9 00.0 00.0 03.7 20.4 16:17 SE 16 11.2 19.9 16:02 02.4 07:25 07.1 00.0 00.0 03.0 18.5 18:15 SSE 17 12.0 21.4 16:22 04.6 06:37 06.3 00.0 00.0 03.3 18.5 18:07 S 18 11.6 18.4 15:03 08.3 03:05 06.7 00.0 00.0 03.4 18.5 16:55 SSW 19 11.8 17.5 15:27 05.8 06:44 06.5 00.0 00.0 03.2 18.5 18:46 ESE 20 12.0 17.0 16:57 08.5 05:16 06.3 00.0 00.0 03.1 18.5 19:03 E 21 12.0 16.9 15:13 09.1 04:54 06.3 00.0 00.0 04.9 18.5 19:37 ESE 22 13.3 17.8 15:42 10.6 22:29 05.0 00.0 00.0 05.1 22.2 17:52 E 23 14.2 21.1 14:40 09.3 06:48 04.1 00.0 00.0 04.9 29.6 16:23 ESE 24 14.0 20.3 15:43 09.0 07:07 04.3 00.0 00.0 03.3 18.5 17:56 ESE 25 14.6 22.0 15:30 09.3 07:57 03.7 00.0 00.0 05.1 22.2 17:54 SE 26 13.3 17.7 15:24 07.9 00:00 05.0 00.0 10.2 08.6 38.9 19:29 WNW 27 10.7 16.6 16:43 04.4 07:49 07.6 00.0 00.0 05.1 27.8 12:14 ENE 28 12.1 19.1 16:59 04.4 07:21 06.2 00.0 00.0 03.5 16.6 14:48 WNW 29 15.4 23.7 17:10 07.6 07:07 02.9 00.0 00.0 04.4 18.5 14:19 WNW 30 16.9 25.1 16:09 09.8 07:22 01.4 00.0 00.0 04.3 18.5 16:59 SSW 31 16.2 24.7 15:31 08.5 07:33 02.1 00.0 00.0 04.8 24.1 17:52 ESE -------------------------------------------------------------------------------------------------------- 11.9 (12.4) 25.1 day 30 02.4 day 16 197.7 000.0 012.3 04.6 48.1 day 01 SE Max Rain: 10.2 ON 26-03-17 Days of Rain: 3 (> .2mm) 1 (> 2mm) 0 (> 20mm)