MONTHLY CLIMATOLOGICAL SUMMARY for MAR. 2007 NAME: Estensemeteo CITY: Ferrara STATE: Italy ELEV: 11 LAT: 044:48:49 LONG: -011:41:15 TEMPERATURE ( °C), RAIN (mm), WIND SPEED (kmh) HEAT COOL AVG MEAN DEG DEG WIND DOM DAY TEMP HIGH TIME LOW TIME DAYS DAYS RAIN SPEED HIGH TIME DIR ---------------------------------------------------------------------------------------------------------------------------------------------------------- 01 11.4 14.6 14:39 06.1 00:00 06.9 00.0 00.0 11.9 50.0 02:45 NE 02 10.3 16.7 16:41 04.4 06:21 08.0 00.0 00.0 03.3 18.5 13:31 NNE 03 11.7 18.8 16:36 04.9 07:16 06.6 00.0 00.0 03.9 18.5 14:11 W 04 13.2 21.3 15:51 05.3 06:41 05.1 00.0 00.0 02.1 16.6 16:06 WNW 05 12.6 20.0 15:06 06.4 07:06 05.7 00.0 00.0 02.7 18.5 16:01 ESE 06 11.8 20.1 15:26 05.2 02:51 06.5 00.0 00.0 02.8 18.5 17:31 SE 07 13.3 21.3 16:06 05.1 07:46 05.0 00.0 00.0 02.6 18.5 14:51 WSW 08 13.4 20.8 15:01 08.2 03:46 04.9 00.0 00.0 02.3 22.2 13:16 W 09 11.7 16.8 12:21 04.0 00:00 06.6 00.0 01.8 13.4 53.6 15:01 S 10 04.5 06.6 13:51 01.0 08:11 13.8 00.0 17.8 11.0 53.6 15:16 NNE 11 07.4 11.8 15:26 03.8 07:16 10.9 00.0 00.0 05.2 27.8 15:11 NE 12 06.8 11.2 15:21 01.8 05:21 11.5 00.0 00.0 06.6 31.4 10:56 NNE 13 06.9 12.0 14:16 01.8 06:26 11.4 00.0 00.0 04.8 25.9 16:06 WNW 14 07.7 14.2 14:31 01.8 05:41 10.6 00.0 02.3 05.9 29.6 16:16 ESE 15 08.0 10.2 17:36 06.4 09:11 10.3 00.0 40.1 12.4 38.9 18:11 ENE 16 08.6 10.6 18:11 06.7 03:26 09.7 00.0 07.9 03.5 20.4 23:46 NW 17 10.0 12.8 14:16 07.7 06:46 08.3 00.0 00.3 05.6 33.3 14:21 NE 18 09.3 13.2 18:21 05.0 07:36 09.0 00.0 00.0 02.9 18.5 09:06 NNW 19 09.0 13.8 15:41 03.3 07:01 09.3 00.0 00.0 02.1 18.5 17:41 ESE 20 08.7 09.9 14:36 07.8 07:11 09.6 00.0 11.9 03.5 20.4 18:36 NNE 21 10.2 14.4 17:26 06.8 07:51 08.1 00.0 00.3 03.1 22.2 14:56 NNW 31 10.4 11.1 00:00 10.3 00:06 07.9 00.0 00.0 00.5 05.5 00:00 ESE ---------------------------------------------------------------------------------------------------------------------------------------------------------- 09.9 (9.9) 21.3 day 07 01.0 day 10 185.9 000.0 000.0 05.1 53.7 day 01 NE Min <= 30: 22 Max Rain: 40.1 ON 15-03-14 Days of Rain: 8 (> .2mm) 5 (> 2mm) 1 (> 20mm)