MONTHLY CLIMATOLOGICAL SUMMARY for FEB. 2023

NAME: Estensemeteo   CITY: Ferrara STATE: Italy
ELEV: 11 LAT: 044:48:49 LONG: -011:41:15

                            TEMPERATURE ( C), RAIN (mm), WIND SPEED (kmh)

                                               HEAT     COOL           AVG
      MEAN                                     DEG      DEG            WIND                       DOM
DAY   TEMP    HIGH   TIME     LOW    TIME      DAYS     DAYS    RAIN   SPEED    HIGH    TIME      DIR
--------------------------------------------------------------------------------------------------------
01    04.7    10.9   16:40    00.1   08:18     13.6     00.0    00.0   02.8     14.8    15:55      W 
02    06.1    14.4   15:58   -01.9   08:12     12.2     00.0    00.0   05.7     25.9    15:09     WNW
03    04.8    09.9   16:33   -01.4   04:32     13.5     00.0    00.0   03.4     18.5    20:53      W 
04    04.8    10.2   16:36   -01.2   07:30     13.5     00.0    00.0   05.8     35.1    21:31      E 
05    05.0    08.6   11:25    01.8   23:23     13.3     00.0    00.0   08.5     33.3    15:31      SE
06    03.0    07.0   12:27    00.4   21:44     15.3     00.0    00.0   05.0     24.1    11:05      E 
07    01.3    05.9   15:44   -03.2   07:16     17.0     00.0    00.0   04.3     18.5    14:00      N 
08    01.1    06.3   14:46   -03.3   07:16     17.2     00.0    00.0   07.0     29.6    13:42     NNE
09    02.0    05.1   16:01   -01.7   00:00     16.3     00.0    00.0   06.4     29.6    09:59      N 
10    01.4    07.6   15:42   -03.8   04:41     16.9     00.0    00.0   05.3     20.4    14:30     WNW
11    03.0    09.9   15:35   -03.2   07:24     15.3     00.0    00.0   04.6     18.5    14:09      W 
12    04.2    12.2   15:58   -01.1   07:06     14.1     00.0    00.0   04.9     24.1    14:49      E 
13    06.6    13.7   16:10   -00.2   07:02     11.7     00.0    00.0   02.7     14.8    06:13     WNW
14    07.4    14.9   15:42    00.4   04:21     10.9     00.0    00.0   04.9     22.2    13:25      W 
15    08.2    16.9   15:39    01.8   07:26     10.1     00.0    00.0   02.6     14.8    10:27     WNW
16    04.5    10.9   15:58   -01.4   08:25     13.8     00.0    00.0   01.8     11.1    16:19     ENE
17    07.5    15.1   15:45    01.2   00:00     10.8     00.0    00.0   03.0     16.6    15:09      W 
18    05.6    13.2   16:17    00.7   08:00     12.7     00.0    00.0   02.9     14.8    19:57     NNE
19    06.8    14.7   15:12   -00.1   07:43     11.5     00.0    00.0   03.4     18.5    14:10      N 
20    10.1    15.4   16:13    06.6   00:16     08.2     00.0    00.0   02.5     12.9    14:17      SW
21    08.6    14.1   16:08    04.3   06:18     09.7     00.0    00.0   02.7     18.5    22:43      SW
22    10.2    13.1   14:23    08.1   07:25     08.1     00.0    00.0   02.0     14.8    01:14     ENE
23    10.6    13.9   15:13    08.5   08:44     07.7     00.0    00.0   02.3     12.9    19:38      E 
24    09.2    14.9   14:49    05.3   06:49     09.1     00.0    00.0   02.6     16.6    16:26     SSE
25    11.8    15.1   16:29    08.4   06:21     06.5     00.0    00.6   03.7     18.5    13:12     WSW
26    06.5    10.8   00:17    04.1   20:28     11.8     00.0    05.2   21.7     64.8    16:42     ENE
27    05.7    07.7   15:33    03.8   23:34     12.6     00.0    00.0   12.8     42.5    00:20      NE
28    05.8    09.1   13:42    03.7   23:37     12.5     00.0    00.0   08.5     25.9    12:40      NE
--------------------------------------------------------------------------------------------------------
06.0 (6.4)   16.9  day 15    -03.8  day 10   345.8    000.0   005.8   05.1     64.8   day 26      NE
Min <=   0: 12
Max Rain: 5.2 ON 26-02-23
Days of Rain: 2 (> .2mm) 1 (> 2mm) 0 (> 20mm)