MONTHLY CLIMATOLOGICAL SUMMARY for FEB. 2022

NAME: Estensemeteo   CITY: Ferrara STATE: Italy
ELEV: 11 LAT: 044:48:49 LONG: -011:41:15

                            TEMPERATURE ( C), RAIN (mm), WIND SPEED (kmh)

                                               HEAT     COOL           AVG
      MEAN                                     DEG      DEG            WIND                       DOM
DAY   TEMP    HIGH   TIME     LOW    TIME      DAYS     DAYS    RAIN   SPEED    HIGH    TIME      DIR
--------------------------------------------------------------------------------------------------------
01    07.3    14.9   14:47    02.1   06:26     11.0     00.0    00.0   08.8     29.6    02:47      W 
02    06.6    14.4   16:40   -00.7   07:28     11.7     00.0    00.0   04.2     20.4    18:38      W 
03    06.5    14.1   14:33   -00.4   06:24     11.8     00.0    00.0   04.2     18.5    00:07     ENE
04    06.8    10.7   14:55    02.6   06:47     11.5     00.0    00.0   02.4     12.9    13:21     NNW
05    08.0    11.2   15:18    04.9   00:00     10.3     00.0    00.0   01.8     07.4    21:45     WNW
06    05.3    07.5   13:50   -00.5   02:15     13.0     00.0    00.0   03.1     14.8    15:20      SW
07    06.7    13.9   15:22    00.5   05:27     11.6     00.0    00.2   07.1     38.9    14:59     WNW
08    06.0    13.8   16:40   -01.4   06:25     12.3     00.0    00.0   04.8     18.5    14:28     WSW
09    06.6    14.7   16:08   -00.8   03:55     11.7     00.0    00.0   03.0     18.5    14:48     WNW
10    07.5    15.9   16:10    00.9   07:42     10.8     00.0    00.0   03.0     16.6    14:21      W 
11    07.1    13.4   14:58    01.3   05:50     11.2     00.0    00.0   02.2     14.8    18:46     NNW
12    07.4    12.0   14:12    02.4   07:52     10.9     00.0    00.0   08.4     44.4    02:42     ENE
13    04.6    11.3   16:07   -00.7   07:37     13.7     00.0    00.0   03.5     18.5    19:14      SE
14    04.3    07.2   16:09    01.1   00:29     14.0     00.0    00.0   03.5     14.8    00:00     NNE
15    04.8    06.3   05:52    02.8   09:45     13.5     00.0    02.4   07.4     25.9    11:39      NW
16    07.3    12.2   14:47    04.4   03:27     11.0     00.0    00.0   02.6     14.8    12:17      W 
17    05.5    12.7   16:57    00.4   05:41     12.8     00.0    00.0   03.3     16.6    12:26      NW
18    05.0    14.1   14:38   -00.5   03:51     13.3     00.0    00.2   03.8     18.5    15:58     SSW
19    07.1    11.5   13:45    02.5   01:56     11.2     00.0    00.0   03.0     11.1    19:55      SW
20    10.3    15.2   14:07    05.8   00:00     08.0     00.0    00.2   04.2     18.5    14:43     WSW
21    07.7    15.7   14:59    01.4   03:35     10.6     00.0    04.6   03.5     25.9    16:27      NW
22    08.1    16.4   15:10    01.1   05:29     10.2     00.0    00.2   06.0     20.4    18:36     SSE
23    08.0    16.9   16:33    01.4   06:58     10.3     00.0    00.0   03.3     18.5    17:39      E 
24    07.9    15.9   15:29   -00.2   03:49     10.4     00.0    00.0   02.6     14.8    12:48     NNE
25    08.1    14.2   14:59    03.1   07:28     10.2     00.0    00.4   08.5     57.4    20:30      NE
26    06.7    11.3   14:14    03.4   07:34     11.6     00.0    00.0   08.7     35.1    17:00     NNE
27    06.3    11.5   14:06    00.9   07:14     12.0     00.0    00.0   08.8     42.5    10:22      NE
28    06.4    12.3   15:33    00.6   07:23     11.9     00.0    00.0   07.3     40.7    23:30     ESE
--------------------------------------------------------------------------------------------------------
06.8 (7.1)   16.9  day 23    -01.4  day 08   322.3    000.0   008.2   04.8     57.4   day 25     NNW
Min <=   0: 8
Max Rain: 4.6 ON 21-02-22
Days of Rain: 7 (> .2mm) 2 (> 2mm) 0 (> 20mm)