MONTHLY CLIMATOLOGICAL SUMMARY for FEB. 2020

NAME: Estensemeteo   CITY: Ferrara STATE: Italy
ELEV: 11 LAT: 044:48:49 LONG: -011:41:15

                            TEMPERATURE ( C), RAIN (mm), WIND SPEED (kmh)

                                               HEAT     COOL           AVG
      MEAN                                     DEG      DEG            WIND                       DOM
DAY   TEMP    HIGH   TIME     LOW    TIME      DAYS     DAYS    RAIN   SPEED    HIGH    TIME      DIR
--------------------------------------------------------------------------------------------------------
01    09.3    12.4   14:53    07.6   08:25     09.0     00.0    00.0   01.5     11.1    17:27      N 
02    07.1    08.3   00:07    04.8   05:47     11.2     00.0    00.0   02.5     14.8    04:23     WNW
03    06.6    07.7   17:13    05.3   08:43     11.7     00.0    00.0   02.5     16.6    11:12     WNW
04    08.9    16.2   14:51    05.3   08:04     09.4     00.0    00.3   11.5     44.4    13:30     WNW
05    08.4    13.7   14:23    03.7   23:44     09.9     00.0    00.0   13.6     48.1    13:58      NW
06    05.6    11.5   15:15   -00.2   08:17     12.7     00.0    00.0   04.1     18.5    15:29      SW
07    05.3    11.6   15:45    00.1   07:40     13.0     00.0    00.0   03.8     18.5    12:09      W 
08    04.8    10.6   15:39   -00.9   06:25     13.5     00.0    00.0   02.0     09.3    10:34     NNW
09    06.1    12.1   16:05   -00.1   05:00     12.2     00.0    00.0   03.0     18.5    19:37     SSW
10    08.7    13.8   16:03    05.5   00:00     09.6     00.0    00.0   02.1     16.6    16:13     WNW
11    10.6    19.9   14:28    02.2   08:10     07.7     00.0    00.3   08.2     48.1    12:22      W 
12    09.0    16.6   15:31   -00.3   06:29     09.3     00.0    00.0   06.3     27.8    15:28     WNW
13    06.3    12.9   15:50   -00.8   07:42     12.0     00.0    00.0   03.2     18.5    11:50      NE
14    09.6    15.7   15:53    05.3   23:49     08.7     00.0    02.5   08.2     42.5    01:17     WNW
15    08.0    16.0   15:47    00.7   08:00     10.3     00.0    00.0   03.2     14.8    14:34     ESE
16    06.4    11.9   16:58    02.9   02:44     11.9     00.0    00.0   01.8     12.9    14:18     WNW
17    09.3    17.4   14:48    03.5   02:23     09.0     00.0    00.0   02.1     18.5    18:44      E 
18    10.2    12.3   17:16    08.4   06:14     08.1     00.0    00.0   02.1     12.9    22:25      NW
19    09.7    14.1   15:30    05.8   05:53     08.6     00.0    00.0   05.0     24.1    15:32     WNW
20    08.3    14.3   14:50    02.2   08:06     10.0     00.0    00.0   04.3     22.2    15:47      SE
21    07.0    13.0   15:37    01.0   07:22     11.3     00.0    00.0   03.3     18.5    13:57      NW
22    08.3    14.3   16:01    03.4   07:38     10.0     00.0    00.0   02.3     12.9    14:30     NNE
23    09.5    15.3   16:02    03.4   07:26     08.8     00.0    00.0   05.1     18.5    13:14     WSW
24    09.7    15.8   14:47    05.2   07:38     08.6     00.0    00.0   04.5     20.4    16:50     NNE
25    09.6    16.5   15:39    03.7   06:57     08.7     00.0    00.0   02.5     12.9    15:45      S 
26    10.1    16.9   12:44    03.8   07:03     08.2     00.0    00.0   11.0     50.0    15:54      W 
27    08.0    14.4   14:19    01.3   04:55     10.3     00.0    00.0   07.5     38.9    15:30      SW
28    09.6    15.7   16:52    04.0   07:07     08.7     00.0    00.0   09.1     33.3    12:50      W 
29    07.5    13.4   16:39    00.8   05:17     10.8     00.0    00.0   02.1     09.3    13:54     ENE
--------------------------------------------------------------------------------------------------------
08.2 (8.5)   19.9  day 11    -00.9  day 08   293.2    000.0   003.0   04.8     50.0   day 26     WNW
Min <=   0: 5
Max Rain: 2.5 ON 14-02-20
Days of Rain: 3 (> .2mm) 1 (> 2mm) 0 (> 20mm)