MONTHLY CLIMATOLOGICAL SUMMARY for FEB. 2011 NAME: Estensemeteo CITY: Ferrara STATE: Italy ELEV: 11 LAT: 044:48:49 LONG: -011:41:15 TEMPERATURE ( °C), RAIN (mm), WIND SPEED (kmh) HEAT COOL AVG MEAN DEG DEG WIND DOM DAY TEMP HIGH TIME LOW TIME DAYS DAYS RAIN SPEED HIGH TIME DIR ---------------------------------------------------------------------------------------------------------------------------------------------------------- 01 05.6 05.6 00:00 05.6 00:00 12.7 00.0 00.3 00.0 00.0 00:00 WNW 02 05.6 05.6 00:00 05.6 00:00 12.7 00.0 00.0 00.0 00.0 00:00 WNW 03 05.6 05.6 00:00 05.6 00:00 12.7 00.0 00.0 00.0 00.0 00:00 WNW 04 05.6 05.6 00:00 05.6 00:00 12.7 00.0 00.0 00.0 00.0 00:00 W 05 05.6 05.6 00:00 05.6 00:00 12.7 00.0 00.0 00.0 00.0 00:00 W 06 05.6 05.6 00:00 05.6 00:00 12.7 00.0 00.0 00.0 00.0 00:00 WSW 07 05.6 05.6 00:00 05.6 00:00 12.7 00.0 00.0 00.0 00.0 00:00 W 08 05.6 05.6 00:00 05.6 00:00 12.7 00.0 00.0 00.0 00.0 00:00 NNW 09 05.6 05.6 00:00 05.6 00:00 12.7 00.0 00.0 00.0 00.0 00:00 WNW 10 05.6 05.6 00:00 05.6 00:00 12.7 00.0 00.3 00.0 00.0 00:00 W 11 05.6 05.6 00:00 05.6 00:00 12.7 00.0 00.0 00.0 00.0 00:00 N 12 05.6 05.6 00:00 05.6 00:00 12.7 00.0 00.0 00.0 00.0 00:00 NE 13 05.6 05.6 00:00 05.6 00:00 12.7 00.0 00.0 00.0 00.0 00:00 NE 14 05.6 05.6 00:00 05.6 00:00 12.7 00.0 00.3 00.0 00.0 00:00 E 15 05.6 05.6 00:00 05.6 00:00 12.7 00.0 14.2 00.0 00.0 00:00 E 16 05.6 05.6 00:00 05.6 00:00 12.7 00.0 07.6 00.0 00.0 00:00 N 17 05.6 05.6 00:00 05.6 00:00 12.7 00.0 00.0 00.0 00.0 00:00 NW 18 05.6 05.6 00:00 05.6 00:00 12.7 00.0 00.0 00.0 00.0 00:00 N 19 05.6 05.6 00:00 05.6 00:00 12.7 00.0 04.3 00.0 00.0 00:00 ENE 20 05.6 05.6 00:00 05.6 00:00 12.7 00.0 03.3 00.0 00.0 00:00 NNE 21 05.6 05.6 00:00 05.6 00:00 12.7 00.0 00.0 00.0 00.0 00:00 NE 22 05.6 05.6 00:00 05.6 00:00 12.7 00.0 00.0 00.0 00.0 00:00 NE 23 05.6 05.6 00:00 05.6 00:00 12.7 00.0 00.0 00.0 00.0 00:00 N 24 05.6 05.6 00:00 05.6 00:00 12.7 00.0 00.0 00.0 00.0 00:00 ENE 25 05.6 05.6 00:00 05.6 00:00 12.7 00.0 00.0 00.0 00.0 00:00 NNW 26 05.6 05.6 00:00 05.6 00:00 12.7 00.0 02.0 00.0 00.0 00:00 NW 27 05.6 05.6 00:00 05.6 00:00 12.7 00.0 14.7 00.0 00.0 00:00 NE 28 05.6 05.6 00:00 05.6 00:00 12.7 00.0 00.0 00.0 00.0 00:00 ENE ---------------------------------------------------------------------------------------------------------------------------------------------------------- 05.6 (5.6) 05.6 day 28 05.6 day 28 355.6 000.0 047.2 00.0 00.0 day 28 NNW Max Rain: 14.7 ON 27-02-15 Days of Rain: 9 (> .2mm) 5 (> 2mm) 0 (> 20mm)