MONTHLY CLIMATOLOGICAL SUMMARY for DEC. 2021 NAME: Estensemeteo CITY: Ferrara STATE: Italy ELEV: 11 LAT: 044:48:49 LONG: -011:41:15 TEMPERATURE ( °C), RAIN (mm), WIND SPEED (kmh) HEAT COOL AVG MEAN DEG DEG WIND DOM DAY TEMP HIGH TIME LOW TIME DAYS DAYS RAIN SPEED HIGH TIME DIR -------------------------------------------------------------------------------------------------------- 01 05.7 09.2 15:08 01.1 07:58 12.6 00.0 00.0 05.9 22.2 15:10 NNE 02 05.9 07.0 15:46 05.1 05:32 12.4 00.0 04.0 03.6 14.8 00:29 NW 03 06.7 09.1 14:36 03.7 23:07 11.6 00.0 09.8 04.9 22.2 03:48 NW 04 04.1 06.8 15:25 01.3 07:54 14.2 00.0 01.0 02.9 18.5 21:39 NNW 05 04.7 08.1 14:13 02.6 00:00 13.6 00.0 00.6 04.9 18.5 14:57 WNW 06 04.6 09.3 14:25 01.4 23:12 13.7 00.0 00.0 07.1 24.1 05:35 WNW 07 02.6 07.8 14:28 -00.4 08:00 15.7 00.0 00.0 03.5 16.6 15:15 WSW 08 03.1 06.3 14:04 -01.1 02:07 15.2 00.0 05.6 07.5 31.4 15:57 NNE 09 03.5 05.4 12:39 01.7 08:25 14.8 00.0 00.8 07.9 25.9 01:40 WNW 10 03.3 05.7 15:51 -00.2 07:42 15.0 00.0 02.6 04.6 20.4 19:53 NNE 11 04.4 08.4 15:02 01.2 06:41 13.9 00.0 00.0 08.8 25.9 04:15 NW 12 03.4 08.8 14:09 -00.7 07:25 14.9 00.0 00.0 05.2 18.5 12:54 W 13 04.8 10.2 15:10 01.4 09:12 13.5 00.0 00.0 03.2 16.6 02:45 WNW 14 03.9 08.7 14:18 -00.6 07:47 14.4 00.0 00.0 02.4 12.9 12:48 W 15 03.8 08.9 15:21 -01.5 06:28 14.5 00.0 00.0 02.3 11.1 20:56 WNW 16 02.0 07.9 14:51 -01.1 07:41 16.3 00.0 00.0 03.7 18.5 09:53 WNW 17 02.2 07.4 13:06 -00.7 04:00 16.1 00.0 00.2 05.3 20.4 12:33 WNW 18 01.0 03.2 15:15 -01.1 08:55 17.3 00.0 00.6 03.3 16.6 23:43 WNW 19 00.6 02.1 17:40 -00.9 09:05 17.7 00.0 00.2 05.5 18.5 12:38 WNW 20 02.3 04.6 16:28 -03.2 07:57 16.0 00.0 00.0 04.7 18.5 08:37 WNW 21 03.8 05.8 14:46 01.9 03:09 14.5 00.0 00.0 03.5 12.9 19:50 W 22 05.2 07.3 14:32 03.3 00:00 13.1 00.0 00.0 04.3 14.8 11:28 NW 23 02.4 05.2 15:42 -01.1 06:22 15.9 00.0 00.0 03.2 14.8 12:54 W 24 03.6 05.0 12:14 01.0 01:50 14.7 00.0 00.0 01.7 09.3 02:31 W 25 04.4 06.0 15:25 02.1 07:12 13.9 00.0 11.0 01.8 12.9 23:13 WNW 26 04.7 05.6 17:12 03.8 08:51 13.6 00.0 00.6 02.5 18.5 02:51 WNW 27 06.6 08.7 15:52 05.1 07:31 11.7 00.0 02.0 02.0 09.3 06:07 WNW 28 07.3 08.9 15:11 05.8 00:00 11.0 00.0 00.4 02.9 16.6 12:40 W 29 06.1 06.7 15:59 04.8 00:47 12.2 00.0 00.0 04.0 18.5 04:46 WNW 30 04.9 05.9 03:45 03.1 00:00 13.4 00.0 00.0 03.6 16.6 13:23 W 31 03.0 04.1 15:11 01.8 09:27 15.3 00.0 00.0 03.8 16.6 02:19 W -------------------------------------------------------------------------------------------------------- 04.0 (4.1) 10.2 day 13 -03.2 day 20 442.6 000.0 039.4 04.2 31.5 day 08 WNW Min <= 0: 12 Max Rain: 11.0 ON 25-12-22 Days of Rain: 14 (> .2mm) 5 (> 2mm) 0 (> 20mm)