MONTHLY CLIMATOLOGICAL SUMMARY for JAN. 2021

NAME: Estensemeteo   CITY: Ferrara STATE: Italy
ELEV: 11 LAT: 044:48:49 LONG: -011:41:15

                            TEMPERATURE ( C), RAIN (mm), WIND SPEED (kmh)

                                               HEAT     COOL           AVG
      MEAN                                     DEG      DEG            WIND                       DOM
DAY   TEMP    HIGH   TIME     LOW    TIME      DAYS     DAYS    RAIN   SPEED    HIGH    TIME      DIR
--------------------------------------------------------------------------------------------------------
01    06.3    07.6   17:28    04.3   00:00     12.0     00.0    04.1   04.7     25.9    13:38     ENE
02    07.1    09.1   14:17    03.9   00:46     11.2     00.0    01.8   08.2     31.4    08:19     ENE
03    06.4    10.7   14:31    02.9   07:14     11.9     00.0    00.3   02.9     12.9    00:46     ENE
04    05.1    07.1   15:56    03.7   02:49     13.2     00.0    00.3   02.3     18.5    02:47      W 
05    05.4    07.1   16:09    03.8   23:10     12.9     00.0    05.6   04.3     25.9    14:26     ENE
06    03.9    06.9   14:36    02.3   00:00     14.4     00.0    00.3   02.4     16.6    10:59      W 
07    02.7    05.2   16:31    01.7   04:48     15.6     00.0    00.3   01.8     12.9    18:59     WNW
08    03.4    06.9   15:44    01.1   09:31     14.9     00.0    00.0   03.6     12.9    00:00     WNW
09    02.2    04.4   15:23   -00.1   07:38     16.1     00.0    00.0   07.0     20.4    20:28     NNW
10    03.5    05.2   15:04    01.3   23:46     14.8     00.0    00.3   09.6     31.4    13:43     NNE
11    02.0    05.6   14:41   -01.0   07:57     16.3     00.0    00.0   07.8     29.6    14:00     NNW
12    01.1    04.9   15:00   -02.5   07:52     17.2     00.0    00.0   04.6     18.5    11:59     WNW
13    01.1    05.7   15:19   -02.7   07:07     17.2     00.0    00.0   02.5     14.8    02:19     NNE
14    02.6    07.7   15:41   -02.2   08:29     15.7     00.0    00.0   02.5     18.5    15:27      N 
15    03.7    05.9   14:11    00.2   00:00     14.6     00.0    00.0   05.6     18.5    13:35     ENE
16    02.0    07.3   14:47   -01.7   08:05     16.3     00.0    00.0   02.1     11.1    15:14     WNW
17    01.5    04.4   15:27   -00.6   05:07     16.8     00.0    00.0   01.6     09.3    04:45     NNW
18    01.2    05.2   15:18   -02.5   08:33     17.1     00.0    00.0   02.9     12.9    14:54     WNW
19   -02.4    00.3   00:02   -05.3   06:17     20.7     00.0    00.0   01.1     09.3    17:15     WNW
20    01.2    05.0   13:01   -02.9   03:10     17.1     00.0    00.3   01.8     12.9    14:00     NNW
21    02.8    05.8   15:13   -00.9   00:15     15.5     00.0    00.0   01.9     11.1    16:29     WNW
22    05.4    12.2   21:08    01.9   01:07     12.9     00.0    01.3   05.2     42.5    22:05      SE
23    07.1    10.1   05:52    04.4   21:28     11.2     00.0    02.8   07.7     38.9    05:27      S 
24    04.3    07.4   15:03    01.5   00:00     14.0     00.0    00.3   06.5     31.4    16:26     WNW
25    03.0    07.0   16:15   -00.8   06:32     15.3     00.0    00.3   05.4     24.1    10:30      NW
26    03.6    09.1   15:24   -00.5   07:14     14.7     00.0    00.0   06.5     25.9    14:37      W 
27    01.9    04.6   11:40   -00.7   08:02     16.4     00.0    00.0   03.8     18.5    01:07      W 
28    02.1    05.4   16:14   -01.1   08:21     16.2     00.0    00.0   02.1     12.9    02:24     WNW
29    02.4    06.2   15:48   -01.2   06:02     15.9     00.0    00.0   03.4     16.6    11:20      NW
30    04.8    08.5   15:00    00.4   08:13     13.5     00.0    04.1   06.2     31.4    23:34      NE
31    05.9    07.2   07:26    01.9   23:56     12.4     00.0    00.0   08.1     31.4    02:34     NNW
--------------------------------------------------------------------------------------------------------
03.4 (3.5)   12.2  day 22    -05.3  day 19   477.4    000.0   030.5   04.3     42.6   day 23     NNW
Min <=   0: 16
Min <= -5: 1
Min <=  -5: 1
Max Rain: 5.6 ON 5-01-21
Days of Rain: 14 (> .2mm) 4 (> 2mm) 0 (> 20mm)