MONTHLY CLIMATOLOGICAL SUMMARY for NOV. 2023

NAME: Estensemeteo   CITY: Ferrara STATE: Italy
ELEV: 11 LAT: 044:48:49 LONG: -011:41:15

                            TEMPERATURE ( C), RAIN (mm), WIND SPEED (kmh)

                                               HEAT     COOL           AVG
      MEAN                                     DEG      DEG            WIND                       DOM
DAY   TEMP    HIGH   TIME     LOW    TIME      DAYS     DAYS    RAIN   SPEED    HIGH    TIME      DIR
--------------------------------------------------------------------------------------------------------
01    12.3    16.1   14:07    08.6   06:35     06.0     00.0    02.0   02.9     18.5    16:25     ENE
02    14.7    19.7   18:09    11.2   02:57     03.6     00.0    27.6   08.7     62.9    20:20      SE
03    13.0    17.1   14:47    08.2   23:03     05.3     00.0    02.8   09.5     46.3    12:20     SSW
04    11.6    16.7   15:12    06.1   07:25     06.7     00.0    00.0   05.1     25.9    22:25     ESE
05    13.3    16.9   16:10    10.2   07:25     05.0     00.0    01.2   07.7     33.3    03:29     WSW
06    13.1    19.3   14:23    07.4   06:32     05.2     00.0    00.0   03.1     11.1    23:11     SSE
07    13.0    20.1   15:39    06.6   06:28     05.3     00.0    00.0   02.7     12.9    23:47      SW
08    11.2    16.1   15:26    07.4   07:28     07.1     00.0    00.0   04.1     16.6    12:53     WSW
09    10.4    15.9   15:58    04.4   07:49     07.9     00.0    03.2   03.5     18.5    22:22     ENE
10    10.4    11.9   13:57    08.9   00:00     07.9     00.0    06.0   03.6     16.6    22:27     WNW
11    09.4    14.6   15:07    04.7   23:55     08.9     00.0    00.0   04.8     24.1    13:54     WNW
12    08.1    12.4   15:51    03.9   01:35     10.2     00.0    00.2   02.7     12.9    11:02      NW
13    08.4    12.7   14:09    03.2   05:22     09.9     00.0    00.2   02.5     14.8    10:25     WNW
14    09.6    15.4   13:04    06.3   06:55     08.7     00.0    00.0   02.6     12.9    15:14      N 
15    11.3    15.5   15:43    08.6   06:19     07.0     00.0    00.0   05.8     29.6    08:12     WNW
16    09.7    11.4   15:14    07.8   04:17     08.6     00.0    00.0   02.6     18.5    21:59     WSW
17    11.1    16.9   14:49    07.2   06:22     07.2     00.0    00.0   07.5     35.1    12:52     WNW
18    08.8    14.6   14:35    03.8   07:12     09.5     00.0    00.0   04.2     18.5    13:24      W 
19    08.7    14.7   15:35    03.8   07:10     09.6     00.0    00.0   02.1     11.1    13:50      W 
20    08.7    12.7   15:46    04.8   07:13     09.6     00.0    00.0   02.0     12.9    08:36     NNE
21    09.8    11.3   17:14    08.8   06:18     08.5     00.0    07.6   04.8     37.0    17:41     NNW
22    10.4    14.8   14:35    07.6   06:23     07.9     00.0    00.0   06.7     35.1    14:45     NNE
23    08.2    12.9   15:28    04.9   23:58     10.1     00.0    00.0   05.1     16.6    14:02      NW
24    05.9    11.1   15:08    01.8   07:51     12.4     00.0    00.0   03.1     11.1    12:23      W 
25    06.5    11.1   14:29    01.7   22:58     11.8     00.0    00.0   10.7     44.4    13:03      NW
26    06.0    11.9   15:06    02.4   01:22     12.3     00.0    00.0   05.4     29.6    02:11     WNW
27    04.6    07.9   15:39    00.6   06:18     13.7     00.0    00.8   02.2     12.9    22:37     NNW
28    05.0    09.0   15:33    03.4   05:32     13.3     00.0    01.4   05.1     25.9    12:17     WNW
29    04.6    10.2   15:43   -01.2   07:24     13.7     00.0    00.0   02.6     11.1    13:44      NW
30    04.8    05.3   18:00    04.3   10:24     13.5     00.0    01.8   03.7     16.6    11:52     NNW
--------------------------------------------------------------------------------------------------------
09.4 (9.7)   20.1  day 07    -01.2  day 29   266.2    000.0   054.8   04.6     62.9   day 02     WNW
Min <=   0: 1
Max Rain: 27.6 ON 2-11-23
Days of Rain: 12 (> .2mm) 5 (> 2mm) 1 (> 20mm)