MONTHLY CLIMATOLOGICAL SUMMARY for NOV. 2022

NAME: Estensemeteo   CITY: Ferrara STATE: Italy
ELEV: 11 LAT: 044:48:49 LONG: -011:41:15

                            TEMPERATURE ( C), RAIN (mm), WIND SPEED (kmh)

                                               HEAT     COOL           AVG
      MEAN                                     DEG      DEG            WIND                       DOM
DAY   TEMP    HIGH   TIME     LOW    TIME      DAYS     DAYS    RAIN   SPEED    HIGH    TIME      DIR
--------------------------------------------------------------------------------------------------------
01    15.6    20.5   14:58    10.0   07:50     02.7     00.0    00.0   03.0     14.8    13:43      W 
02    15.7    20.1   13:05    13.6   07:59     02.6     00.0    00.0   03.0     14.8    16:37      NW
03    15.5    18.2   15:40    14.3   05:37     02.8     00.0    03.2   02.5     12.9    23:07      E 
04    15.1    18.9   13:13    10.2   00:00     03.2     00.0    05.0   08.5     44.4    08:34     WSW
05    12.9    18.4   15:17    09.2   00:00     05.4     00.0    00.0   04.4     18.5    07:06      NW
06    11.7    17.3   15:09    06.4   07:30     06.6     00.0    00.0   02.8     12.9    06:22     WNW
07    11.0    17.4   15:24    05.8   05:41     07.3     00.0    00.0   02.2     14.8    12:53      W 
08    11.7    17.7   15:33    06.4   06:29     06.6     00.0    00.0   02.5     11.1    09:19     WSW
09    13.0    18.3   14:07    09.9   01:59     05.3     00.0    00.0   02.2     14.8    15:47     NNW
10    13.1    14.6   15:30    11.9   06:39     05.2     00.0    00.6   03.9     14.8    18:05     WNW
11    12.4    15.9   15:12    09.9   08:03     05.9     00.0    00.0   03.6     12.9    12:35     WNW
12    11.2    14.2   15:09    09.6   03:54     07.1     00.0    00.2   04.0     18.5    11:24     WNW
13    11.5    15.9   13:22    07.6   07:55     06.8     00.0    00.8   04.1     22.2    12:41      NE
14    11.0    14.9   15:31    07.8   00:00     07.3     00.0    00.4   04.0     24.1    14:58      NW
15    08.8    11.2   13:59    05.7   06:47     09.5     00.0    08.4   03.4     14.8    23:33      W 
16    10.5    11.5   15:47    09.8   01:36     07.8     00.0    05.0   05.1     18.5    14:19     WNW
17    11.1    13.1   13:40    08.7   07:48     07.2     00.0    01.0   03.5     16.6    01:41     WSW
18    12.0    15.2   14:00    08.7   00:00     06.3     00.0    00.2   05.3     27.8    13:50     WNW
19    09.8    12.0   15:09    06.9   07:13     08.5     00.0    05.2   03.0     14.8    12:29      N 
20    09.8    13.7   15:17    06.4   00:00     08.5     00.0    00.0   03.7     18.5    10:29      NW
21    06.8    10.7   14:06    02.8   08:37     11.5     00.0    00.0   04.1     29.6    23:57     NNE
22    08.8    11.1   10:31    07.8   23:16     09.5     00.0    58.6   15.0     64.8    12:23      N 
23    09.8    14.1   15:33    06.3   23:43     08.5     00.0    00.6   04.0     16.6    01:12      W 
24    07.5    12.2   15:08    03.3   07:26     10.8     00.0    00.0   03.4     18.5    09:16     WNW
25    07.6    12.2   14:10    02.7   03:57     10.7     00.0    00.0   02.3     11.1    13:58      N 
26    08.8    12.9   14:36    06.7   00:00     09.5     00.0    00.2   05.2     18.5    15:18      NW
27    07.7    12.3   14:38    03.2   07:00     10.6     00.0    00.0   03.0     14.8    13:24     NNW
28    05.9    07.9   15:31    03.6   05:00     12.4     00.0    00.0   03.1     14.8    15:24      NW
29    06.5    08.1   15:52    04.3   23:55     11.8     00.0    01.2   04.6     18.5    12:29     NNW
30    05.7    08.3   11:58    02.8   04:12     12.6     00.0    00.0   06.6     22.2    12:08     NNW
--------------------------------------------------------------------------------------------------------
10.6 (10.9)   20.5  day 01     02.7  day 25   230.3    000.0   090.6   04.2     64.8   day 22      NW
Max Rain: 58.6 ON 22-11-22
Days of Rain: 15 (> .2mm) 6 (> 2mm) 1 (> 20mm)