MONTHLY CLIMATOLOGICAL SUMMARY for NOV. 2020

NAME: Estensemeteo   CITY: Ferrara STATE: Italy
ELEV: 11 LAT: 044:48:49 LONG: -011:41:15

                            TEMPERATURE ( C), RAIN (mm), WIND SPEED (kmh)

                                               HEAT     COOL           AVG
      MEAN                                     DEG      DEG            WIND                       DOM
DAY   TEMP    HIGH   TIME     LOW    TIME      DAYS     DAYS    RAIN   SPEED    HIGH    TIME      DIR
--------------------------------------------------------------------------------------------------------
01    12.2    15.9   15:27    10.1   00:03     06.1     00.0    00.3   01.8     16.6    12:17     WNW
02    12.9    14.5   15:59    11.8   07:38     05.4     00.0    00.0   01.2     11.1    15:02      SE
03    14.2    16.2   15:41    12.7   00:56     04.1     00.0    00.0   00.6     09.3    14:25     SSE
04    14.2    16.3   13:49    12.4   02:31     04.1     00.0    00.0   00.8     11.1    14:15      N 
05    14.5    18.4   15:01    11.2   07:19     03.8     00.0    00.0   05.4     24.1    10:53     NNE
06    12.9    18.3   15:24    09.0   05:20     05.4     00.0    00.0   03.1     16.6    13:43     NNW
07    12.2    18.2   15:38    07.4   07:13     06.1     00.0    00.0   03.0     14.8    12:11      W 
08    10.6    15.1   16:19    07.9   02:31     07.7     00.0    00.0   02.4     16.6    03:17      W 
09    11.7    17.9   14:59    06.1   06:37     06.6     00.0    00.3   01.2     12.9    14:11     WNW
10    11.4    16.4   14:59    07.3   05:09     06.9     00.0    00.3   01.3     09.3    11:56      NW
11    10.4    14.8   14:54    06.4   04:22     07.9     00.0    00.0   02.2     14.8    15:54      N 
12    11.6    15.0   14:12    09.4   08:04     06.7     00.0    00.0   01.8     09.3    20:45      NE
13    11.8    12.9   15:41    10.8   07:23     06.5     00.0    00.0   01.2     09.3    12:55      NE
14    12.1    13.4   15:43    11.2   23:53     06.2     00.0    00.0   00.8     09.3    20:01      N 
15    12.4    14.5   16:03    10.5   02:34     05.9     00.0    00.0   01.0     09.3    11:24      SW
16    11.4    12.3   00:07    10.3   08:49     06.9     00.0    06.3   04.8     22.2    07:24     NNW
17    11.4    16.3   13:24    07.7   07:38     06.9     00.0    00.0   05.7     31.4    13:17      N 
18    06.8    10.4   15:18    03.8   08:02     11.5     00.0    00.0   03.7     14.8    14:21     WNW
19    06.4    08.7   15:07    05.1   07:02     11.9     00.0    00.3   03.0     14.8    02:35     WNW
20    09.4    13.7   12:20    05.2   03:05     08.9     00.0    04.8   08.6     31.4    23:56      NE
21    06.9    10.7   13:54    02.8   07:19     11.4     00.0    00.0   08.9     48.1    14:10     ENE
22    04.6    09.4   14:27    01.5   03:07     13.7     00.0    00.0   05.0     16.6    15:02      NW
23    04.6    10.0   14:26   -00.4   06:38     13.7     00.0    00.0   01.6     09.3    09:04     SSW
24    06.0    11.0   14:55    02.2   06:58     12.3     00.0    00.0   04.3     18.5    10:29     WNW
25    05.8    11.4   14:32    01.0   06:57     12.5     00.0    00.0   01.8     11.1    00:11      NW
26    03.8    09.4   15:12   -01.3   06:05     14.5     00.0    00.0   01.8     11.1    15:30     WNW
27    03.6    05.3   17:46   -00.2   00:24     14.7     00.0    00.3   01.5     09.3    13:22      NW
28    06.2    07.5   22:33    04.8   04:29     12.1     00.0    00.0   02.9     14.8    15:08      NW
29    07.7    10.4   14:05    04.7   00:00     10.6     00.0    00.0   05.0     16.6    12:35     NNW
30    04.9    09.8   13:48    01.3   06:11     13.4     00.0    00.0   05.4     20.4    13:21      N 
--------------------------------------------------------------------------------------------------------
09.5 (9.8)   18.4  day 05    -01.3  day 26   264.5    000.0   012.4   03.1     48.1   day 21     NNW
Min <=   0: 3
Max Rain: 6.3 ON 16-11-20
Days of Rain: 7 (> .2mm) 2 (> 2mm) 0 (> 20mm)