MONTHLY CLIMATOLOGICAL SUMMARY for NOV. 2019

NAME: Estensemeteo   CITY: Ferrara STATE: Italy
ELEV: 11 LAT: 044:48:49 LONG: -011:41:15

                            TEMPERATURE ( C), RAIN (mm), WIND SPEED (kmh)

                                               HEAT     COOL           AVG
      MEAN                                     DEG      DEG            WIND                       DOM
DAY   TEMP    HIGH   TIME     LOW    TIME      DAYS     DAYS    RAIN   SPEED    HIGH    TIME      DIR
--------------------------------------------------------------------------------------------------------
01    11.1    13.9   14:33    08.4   07:41     07.2     00.0    00.0   03.4     16.6    03:09      N 
02    10.6    11.5   00:21    10.2   12:41     07.7     00.0    01.5   03.1     14.8    12:08      N 
03    13.1    17.1   14:34    10.7   07:50     05.2     00.0    05.8   04.5     22.2    20:37     SSE
04    13.6    19.1   14:52    09.6   06:26     04.7     00.0    00.0   05.1     22.2    07:07      W 
05    14.6    17.2   13:45    11.6   00:00     03.7     00.0    03.8   04.0     20.4    05:53     SSE
06    11.9    15.7   13:36    09.1   23:17     06.4     00.0    00.0   04.2     25.9    11:40     SSW
07    10.0    12.9   14:52    08.2   07:39     08.3     00.0    00.0   04.8     18.5    14:57     NNE
08    11.8    13.7   15:21    10.6   02:12     06.5     00.0    15.2   03.7     18.5    19:46      E 
09    10.2    13.4   14:07    07.6   07:46     08.1     00.0    04.3   03.1     18.5    05:50     WSW
10    08.9    13.4   15:11    03.6   07:34     09.4     00.0    00.3   02.1     16.6    07:30     WNW
11    08.8    10.8   15:07    06.8   04:00     09.5     00.0    05.1   04.4     33.3    13:53     NNE
12    10.0    11.5   16:24    08.9   21:58     08.3     00.0    46.5   08.1     40.7    20:43     WNW
13    09.1    11.8   12:25    05.7   23:43     09.2     00.0    04.6   06.1     31.4    12:24      W 
14    08.8    13.3   14:04    03.6   03:31     09.5     00.0    00.5   05.7     24.1    13:15      NE
15    12.1    15.4   12:43    07.4   00:00     06.2     00.0    14.5   11.0     44.4    09:23      SE
16    09.4    12.3   13:02    05.2   02:26     08.9     00.0    13.2   02.4     14.8    23:52     NNE
17    09.8    15.9   14:56    05.4   00:00     08.5     00.0    40.1   07.5     38.9    13:50     WSW
18    09.0    14.3   14:27    03.9   05:28     09.3     00.0    09.9   06.1     33.3    23:48      NE
19    11.1    12.1   20:47    09.3   03:13     07.2     00.0    11.2   12.2     38.9    01:56      NE
20    10.6    12.5   13:14    08.2   00:00     07.7     00.0    00.0   06.6     29.6    12:59      W 
21    09.5    12.2   15:22    07.8   04:05     08.8     00.0    00.0   01.5     12.9    22:36      E 
22    10.7    14.1   15:43    08.6   02:38     07.6     00.0    00.0   03.0     14.8    13:17     ENE
23    13.1    14.6   17:51    10.2   00:37     05.2     00.0    02.3   11.3     29.6    18:23      E 
24    14.7    17.7   13:32    13.1   23:21     03.6     00.0    13.2   11.6     44.4    11:50     ENE
25    14.2    17.4   14:47    10.9   00:00     04.1     00.0    00.0   06.9     29.6    00:52     NNW
26    10.7    14.0   15:25    08.4   06:03     07.6     00.0    00.0   01.6     11.1    00:20      NW
27    09.6    13.7   14:55    05.6   05:11     08.7     00.0    02.5   04.4     22.2    18:08     ENE
28    09.6    10.8   01:47    08.8   08:42     08.7     00.0    00.0   03.2     18.5    22:29      W 
29    07.8    09.3   00:15    04.4   08:08     10.5     00.0    00.3   04.4     18.5    23:45      W 
30    07.3    07.8   16:34    06.6   08:31     11.0     00.0    00.0   03.1     18.5    02:36      W 
--------------------------------------------------------------------------------------------------------
10.7 (10.8)   19.1  day 04     03.6  day 14   227.1    000.0   190.0   05.3     44.4   day 17     NNE
Max Rain: 46.5 ON 12-11-19
Days of Rain: 19 (> .2mm) 15 (> 2mm) 2 (> 20mm)