MONTHLY CLIMATOLOGICAL SUMMARY for NOV. 2014 NAME: Estensemeteo CITY: Ferrara STATE: Italy ELEV: 11 LAT: 044:48:49 LONG: -011:41:15 TEMPERATURE ( °C), RAIN (mm), WIND SPEED (kmh) HEAT COOL AVG MEAN DEG DEG WIND DOM DAY TEMP HIGH TIME LOW TIME DAYS DAYS RAIN SPEED HIGH TIME DIR -------------------------------------------------------------------------------------------------------- 01 11.1 17.3 14:31 05.6 07:11 07.2 00.0 00.0 04.2 14.8 13:16 W 02 12.0 19.4 15:46 06.4 07:41 06.3 00.0 00.0 03.2 16.6 11:26 WSW 03 11.7 19.0 15:36 05.9 06:21 06.6 00.0 00.0 03.3 18.5 15:46 ESE 04 15.9 21.5 14:21 10.8 00:01 02.4 00.0 00.0 13.2 42.5 11:31 SE 05 17.0 18.8 10:01 15.5 00:00 01.3 00.0 11.9 13.9 38.9 04:56 SE 06 15.4 16.3 16:56 14.4 00:00 02.9 00.0 05.8 03.2 29.6 00:11 SE 07 12.9 14.4 00:16 11.7 09:21 05.4 00.0 00.0 05.5 20.4 13:01 W 08 13.7 14.8 15:46 12.7 07:36 04.6 00.0 04.6 02.8 14.8 05:41 W 09 14.5 16.1 14:26 13.8 08:06 03.8 00.0 00.5 02.9 12.9 23:26 NE 10 14.6 15.9 15:06 13.8 08:01 03.7 00.0 04.8 04.8 18.5 15:31 ESE 11 14.9 17.6 14:31 13.2 08:26 03.4 00.0 00.5 03.8 18.5 13:51 ENE 12 15.0 18.3 12:11 13.4 03:01 03.3 00.0 00.5 07.0 35.1 14:26 NE 13 14.3 16.1 14:51 13.3 03:16 04.0 00.0 02.8 04.9 25.9 14:51 NNW 14 13.8 18.3 14:41 11.8 08:51 04.5 00.0 00.3 02.6 12.9 00:21 WSW 15 13.6 16.3 14:31 10.4 04:01 04.7 00.0 02.5 09.3 38.9 20:36 ESE 16 13.3 17.1 13:19 09.9 23:25 05.0 00.0 00.0 06.2 31.4 00:01 SSE 17 10.3 11.5 14:12 08.7 08:37 08.0 00.0 08.9 03.7 40.7 23:45 ESE 18 10.6 14.7 14:07 08.0 06:47 07.7 00.0 01.0 04.4 33.3 00:14 W 19 09.4 13.3 13:46 06.4 23:29 08.9 00.0 00.0 04.7 22.2 12:37 WNW 20 06.6 10.1 13:07 03.1 00:00 11.7 00.0 00.6 02.3 12.9 22:09 W 21 06.2 09.4 15:07 02.7 03:38 12.1 00.0 00.3 01.4 07.4 17:15 SW 22 08.6 12.3 15:22 05.3 05:38 09.7 00.0 00.0 01.1 05.5 23:10 SW 23 09.5 12.2 16:05 05.4 07:44 08.8 00.0 00.3 01.0 05.5 23:29 W 24 09.4 12.9 15:12 06.3 06:36 08.9 00.0 00.0 01.4 07.4 13:03 NW 25 08.8 11.0 16:02 06.2 07:14 09.5 00.0 00.3 02.0 14.8 23:45 ENE 26 08.3 09.3 00:11 07.2 08:18 10.0 00.0 01.6 04.8 20.4 05:19 NNE 27 07.8 08.6 12:50 07.3 19:10 10.5 00.0 00.5 03.2 14.8 14:08 N 28 09.3 11.2 21:17 07.6 01:14 09.0 00.0 00.8 02.2 12.9 18:42 NNW 29 11.5 13.3 16:15 10.0 05:27 06.8 00.0 00.0 03.1 16.6 04:02 WNW 30 12.5 13.5 23:31 11.8 08:18 05.8 00.0 03.0 03.0 18.5 20:47 NE -------------------------------------------------------------------------------------------------------- 11.7 (12.0) 21.5 day 04 01.7 day 30 196.5 000.0 051.6 04.3 42.6 day 17 ESE Max Rain: 11.9 ON 5-11-19 Days of Rain: 20 (> .2mm) 8 (> 2mm) 0 (> 20mm)