MONTHLY CLIMATOLOGICAL SUMMARY for NOV. 2008 NAME: Estensemeteo CITY: Ferrara STATE: Italy ELEV: 11 LAT: 044:48:49 LONG: -011:41:15 TEMPERATURE ( °C), RAIN (mm), WIND SPEED (kmh) HEAT COOL AVG MEAN DEG DEG WIND DOM DAY TEMP HIGH TIME LOW TIME DAYS DAYS RAIN SPEED HIGH TIME DIR ---------------------------------------------------------------------------------------------------------------------------------------------------------- 01 14.2 16.8 16:01 11.9 00:00 04.1 00.0 07.4 07.7 33.3 04:41 NW 02 13.0 16.7 15:26 09.3 07:36 05.3 00.0 00.3 05.0 16.6 23:56 NE 03 16.3 19.1 13:06 13.0 00:01 02.0 00.0 00.0 08.0 27.8 03:56 E 04 16.2 17.4 22:36 15.1 12:16 02.1 00.0 15.2 08.2 42.5 22:31 ESE 05 16.5 21.8 14:31 12.8 07:41 01.8 00.0 00.0 04.2 20.4 18:46 ESE 06 15.3 18.4 12:46 13.1 00:00 03.0 00.0 01.8 02.2 14.8 23:36 N 07 13.0 15.4 14:21 11.4 07:51 05.3 00.0 00.0 03.3 16.6 00:06 WNW 08 13.2 16.9 15:36 10.8 00:00 05.1 00.0 00.0 03.1 14.8 10:16 W 09 11.6 15.2 15:06 08.6 02:01 06.7 00.0 00.3 02.1 14.8 21:01 WSW 10 09.8 11.1 14:31 08.2 06:26 08.5 00.0 00.3 01.2 07.4 23:16 SE 11 10.2 11.9 17:06 08.5 08:16 08.1 00.0 00.5 02.5 14.8 20:31 E 12 12.3 14.7 15:21 10.6 04:36 06.0 00.0 07.9 04.6 18.5 14:21 ENE 13 11.9 12.7 11:41 10.9 22:51 06.4 00.0 09.1 11.0 40.7 15:06 NE 14 11.6 15.0 14:41 08.5 00:00 06.7 00.0 06.1 10.3 42.5 02:51 NNE 15 10.5 14.8 14:51 07.2 07:26 07.8 00.0 00.0 05.1 18.5 14:41 NNW 16 09.7 14.6 15:36 06.2 06:26 08.6 00.0 00.0 05.0 22.2 11:16 WNW 17 09.8 14.5 14:31 06.1 07:06 08.5 00.0 00.0 03.5 14.8 22:46 SE 18 07.8 11.2 12:46 04.9 06:36 10.5 00.0 00.0 04.0 22.2 14:06 NE 19 06.9 11.2 14:21 03.6 08:11 11.4 00.0 00.0 03.3 18.5 14:31 W 20 07.0 13.1 15:06 01.8 07:21 11.3 00.0 00.3 02.9 14.8 00:00 WSW 21 07.9 13.0 13:41 04.3 07:16 10.4 00.0 00.3 04.4 29.6 21:21 WSW 22 06.1 11.4 14:51 01.4 00:00 12.2 00.0 00.0 06.3 53.6 15:16 W 23 03.1 08.7 14:51 00.0 05:21 15.2 00.0 00.0 06.1 25.9 09:16 WSW 24 02.3 04.2 07:16 00.5 00:21 16.0 00.0 02.8 07.2 31.4 09:56 NNE 25 02.3 04.0 15:21 00.8 04:11 16.0 00.0 01.3 05.0 18.5 21:36 WNW 26 04.0 09.8 13:56 00.3 07:06 14.3 00.0 00.0 04.8 25.9 13:26 N 27 02.5 06.9 15:01 -01.6 08:01 15.8 00.0 00.0 03.1 14.8 23:56 NNW 28 04.0 06.1 18:56 02.5 08:36 14.3 00.0 42.2 11.8 42.5 14:41 NNE 29 06.0 11.9 00:00 02.1 02:36 12.3 00.0 02.0 07.1 37.0 23:56 W 30 08.6 11.9 00:06 07.4 23:56 09.7 00.0 22.9 06.6 33.3 00:06 ESE ---------------------------------------------------------------------------------------------------------------------------------------------------------- 09.5 (9.8) 21.8 day 05 -01.6 day 27 265.0 000.0 000.0 05.3 53.7 day 22 N Min <= 30: 30 Max Rain: 42.2 ON 28-11-14 Days of Rain: 17 (> .2mm) 8 (> 2mm) 2 (> 20mm)