MONTHLY CLIMATOLOGICAL SUMMARY for FEB. 2024

NAME: Estensemeteo   CITY: Ferrara STATE: Italy
ELEV: 11 LAT: 044:48:49 LONG: -011:41:15

                            TEMPERATURE ( C), RAIN (mm), WIND SPEED (kmh)

                                               HEAT     COOL           AVG
      MEAN                                     DEG      DEG            WIND                       DOM
DAY   TEMP    HIGH   TIME     LOW    TIME      DAYS     DAYS    RAIN   SPEED    HIGH    TIME      DIR
--------------------------------------------------------------------------------------------------------
01    04.0    08.6   13:02    00.3   05:21     14.3     00.0    00.0   04.0     18.5    15:48      W 
02    06.0    13.2   15:38   -00.1   04:42     12.3     00.0    00.0   02.9     14.8    10:37      SW
03    06.1    14.5   15:46   -00.6   08:29     12.2     00.0    00.0   02.2     09.3    02:25     ESE
04    06.2    12.7   14:56   -00.2   07:33     12.1     00.0    00.0   02.8     16.6    10:21      NE
05    06.6    13.8   15:23    00.3   08:01     11.7     00.0    00.0   02.4     12.9    18:43     ENE
06    07.6    14.1   14:46    02.4   05:01     10.7     00.0    00.0   03.7     14.8    08:56      S 
07    08.9    13.6   15:36    05.8   04:33     09.4     00.0    00.0   02.2     11.1    06:32     SSE
08    08.4    15.7   14:16    01.9   06:06     09.9     00.0    00.3   03.3     14.8    19:34      E 
09    11.0    15.1   13:08    07.9   05:45     07.3     00.0    00.5   07.1     29.6    12:21      SE
10    10.6    11.4   00:02    09.4   08:26     07.7     00.0    24.1   08.1     31.4    18:14      E 
11    10.8    12.8   14:16    09.7   00:00     07.5     00.0    03.0   03.2     16.6    14:39     ENE
12    09.8    12.7   13:12    06.9   00:00     08.5     00.0    00.3   04.5     27.8    13:49     NNW
13    08.7    13.7   16:45    04.8   07:52     09.6     00.0    00.0   04.2     18.5    13:03     SSE
14    07.5    14.9   15:26    00.1   07:56     10.8     00.0    00.0   02.4     12.9    20:39     WNW
15    05.6    13.6   15:03    00.3   08:14     12.7     00.0    00.5   02.1     11.1    19:18      E 
16    05.9    12.8   16:02    01.9   07:22     12.4     00.0    00.3   02.1     11.1    17:13      SE
17    07.1    14.1   15:26    02.5   07:43     11.2     00.0    00.0   01.8     09.3    13:27      E 
18    07.5    15.4   15:50    02.2   05:19     10.8     00.0    00.3   02.2     16.6    14:26     ENE
19    09.4    15.9   15:48    05.1   06:07     08.9     00.0    00.0   02.8     14.8    19:21     WSW
20    10.3    17.4   15:46    03.2   05:41     08.0     00.0    00.0   02.0     11.1    21:22     SSE
21    10.0    17.1   15:31    04.2   06:47     08.3     00.0    00.0   02.8     14.8    17:52      SE
22    10.4    15.7   14:52    05.1   05:11     07.9     00.0    00.0   06.5     29.6    19:32      S 
23    11.4    13.9   11:32    07.6   23:22     06.9     00.0    14.0   10.6     35.1    06:43     NNE
--------------------------------------------------------------------------------------------------------
08.3 (8.8)   17.4  day 20    -00.6  day 03   230.8    000.0   043.2   03.7     35.2   day 23     ESE
Min <=   0: 3
Max Rain: 24.1 ON 10-02-24
Days of Rain: 9 (> .2mm) 3 (> 2mm) 1 (> 20mm)